vided by 4.
1
Suppose -4*v - 4*y = -9*v + 4, 0 = -2*y + 8. Suppose 0*z = -v*z + 8, -5*i - 5*z + 360 = 0. What is the remainder when i is divided by 18?
16
Suppose -2*j + 44 = 2*j. Let g = 0 + 84. Suppose 0 = -2*u + 4*u - g. Calculate the remainder when u is divided by j.
9
Suppose -5*f + 54 = u, 4*u + f = 127 + 13. Suppose -2*z = -2*k - z + 23, 2*z = -2*k + 8. Calculate the remainder when u is divided by k.
7
Suppose 5*g = -5*b + 15, 0*b = 2*g - 4*b - 18. Suppose -4*a - a - g = 0. Let r = a + 10. Calculate the remainder when 26 is divided by r.
8
Let x = -2 - -3. Let k = 4 - x. What is the remainder when 8 is divided by k?
2
Let s = 37 - 33. Suppose 0*o - 25 = -o. Suppose 6*d - d = -o, -3*d = s*q - 1. Calculate the remainder when 7 is divided by q.
3
Let u be ((-6)/4)/((-6)/16). Calculate the remainder when 41 is divided by (-66)/u*4/(-6).
8
Suppose -2*m + 23 = 17. What is the remainder when 8 is divided by m?
2
Let m(c) = c + 4. Let w be m(3). Let k = w - -45. What is the remainder when k is divided by 18?
16
Suppose 215 = 2*n + 3*n. Suppose -4*y = -5*s + 19 + n, 2*s - 3*y = 22. What is the remainder when s is divided by 3?
2
Suppose 2 + 4 = -3*p. Let f = p - -10. What is the remainder when 13 is divided by f?
5
Let l = -44 - -51. What is the remainder when 17 is divided by l?
3
Let c(l) = 4*l**2 + l - 3. Calculate the remainder when c(4) is divided by (-1)/(-3) - 130/(-6).
21
Let d = -7 + 12. Suppose 0 = d*v - 20 - 35. Calculate the remainder when (1 - 0)/(4/124) is divided by v.
9
Suppose -114 = -5*p + 46. Let v(y) = 1. Let z(g) = 10*g + 7. Let i(x) = 4*v(x) - z(x). Calculate the remainder when p is divided by i(-2).
15
Let p(n) = n. Calculate the remainder when 46 is divided by p(10).
6
Suppose -4*l + 38 = -2. Let i = 34 - 22. Let o = -6 + i. What is the remainder when l is divided by o?
4
Suppose -4*d + 54 = 2. Let b(l) = l**2 - 14*l + 18. Calculate the remainder when b(16) is divided by d.
11
Let k(g) = 3*g - 3. Let p be k(3). Suppose -5*u = 4*b - 16, 2*b + u = 2*u - 6. Let q = b + p. Calculate the remainder when 14 is divided by q.
4
Let m = -3 - -8. What is the remainder when 26 is divided by m?
1
Suppose 6 = -5*h + 6*c - 3*c, -3*h - 21 = 4*c. Calculate the remainder when (-12)/(-1) + (h - 0) is divided by 5.
4
Suppose 0 = 2*v - 3*b, 2*v + 2*v + 3*b = -36. Let l = 36 + v. Calculate the remainder when l is divided by 16.
14
Let u be 365/15 + (-4)/(-6). Suppose -5*d = -0*d - u. Suppose -2*k - 28 = -6*k. What is the remainder when k is divided by d?
2
Let c = 3 + -3. Let r = -1 - -4. Calculate the remainder when 14 is divided by (1 + c)*(2 + r).
4
Let m(d) = d**3 + 4*d**2 + 5*d + 8. Suppose x - 5 = -7*g + 2*g, -4*g - 5*x = 17. What is the remainder when g is divided by m(-3)?
0
Let g be (9/(-4))/(9/(-24)). Let r(x) = x**3 + 19*x**2 + 14. What is the remainder when r(-19) is divided by 24/10*20/g?
6
Suppose -4*h + 32 = 2*d, -5*h = -28 + 3. Suppose -d = -i - 3. Suppose -3*c = 2*k + c - 22, -11 = -k - i*c. What is the remainder when k is divided by 6?
5
Suppose -5*a + 59 = 9. Let j be (0 - 5)*(2 + -1). Calculate the remainder when a is divided by -3 - j - (-1 - 3).
4
Let y(c) = 5*c**2 - 8*c + 10. What is the remainder when y(6) is divided by 29?
26
Let n(w) = -w**3 - 18*w**2 - 18*w + 23. What is the remainder when n(-17) is divided by 6?
4
Suppose 5*y - 155 = -2*p - 0*p, 4*p = 0. Calculate the remainder when y is divided by 8.
7
Let w be 18/27 + 14/(-3). Let m = -1 - w. What is the remainder when 11 is divided by m?
2
Let w = -2 + 1. Let a(v) be the second derivative of -11*v**5/20 + v**4/12 + 26*v. What is the remainder when 34 is divided by a(w)?
10
Calculate the remainder when (-1)/((-9)/(-15))*-21 is divided by 9.
8
Let k(g) = -g**3 - 16*g**2 - 16*g - 8. Calculate the remainder when 9 is divided by k(-15).
2
Suppose -3*f = 3*o - 0*f - 54, -f + 3 = 0. What is the remainder when 57 is divided by o?
12
Let f be (-3)/(-4) - 57/(-4). What is the remainder when 18 is divided by (f/4)/(3/8)?
8
Calculate the remainder when (-1)/1 - (0 - (4 + 1)) is divided by 2.
0
Let b = 16 - -42. Calculate the remainder when 173 is divided by b.
57
Suppose -a - 56 = 3*t - 6*t, 70 = 4*t + a. Let f = t + -9. Calculate the remainder when 26 is divided by f.
8
Let s(x) = 32*x**2 + 2*x - 1. Let g be s(1). What is the remainder when 43 is divided by g*((-21)/9 - -3)?
21
Let t(j) = 6*j**2 + 3*j + 3. Let i(l) = 5*l**2 + 2*l + 3. Let w(s) = 5*i(s) - 4*t(s). Calculate the remainder when 42 is divided by w(4).
9
Suppose -4*o - c = -22, -o + 0*o = -2*c - 10. What is the remainder when 26 is divided by o?
2
Let t(a) = a**3 - 13*a**2 + 9*a + 8. Let y be t(13). Let c = y + -51. Calculate the remainder when c is divided by 25.
24
Let r be 1 + -1*2/1. What is the remainder when r/(-2)*(88 + 4) is divided by 164/10 - (-4)/(-10)?
14
Suppose 8 = -4*i - 0*i. Calculate the remainder when 12 is divided by (-5)/(-2)*(-4)/i.
2
Let c(l) = 3*l**2 - 5*l + 3. Let m be (-4)/(-10) + 234/65. What is the remainder when c(m) is divided by 17?
14
Let i be (-21)/(-3)*(-12)/14. Suppose 0 = -2*d + q, d - 3*q + 6*q - 14 = 0. What is the remainder when 1 is divided by (1 + d)*(-2)/i?
0
Let w(b) = 13*b**2 + 5*b + 4. Calculate the remainder when 137 is divided by w(-2).
45
Let b(y) = -y**3 + 4*y**2 + 2*y - 2. Calculate the remainder when b(3) is divided by 5.
3
Let b = -13 - -30. What is the remainder when -3*(-4)/(-6) + b is divided by 6?
3
Let a = 16 - 13. Suppose -4*j = -9 - 47. What is the remainder when j is divided by a?
2
Suppose 3*z = z. Let j be 35/(-7)*(z - 1). Suppose 3*o + 5*b = j*o - 9, 4*o - 53 = 3*b. Calculate the remainder when o is divided by 9.
8
Suppose 8*m - 20 = 4*m. What is the remainder when 102/(-4)*(-6)/9 is divided by m?
2
Suppose -2*s - 70 = 3*s. Calculate the remainder when 110 is divided by (-4 + 8)/((-2)/s).
26
Suppose 4*d = 2*k + 186, 3*d + 2*d - 4*k - 237 = 0. What is the remainder when d is divided by 12?
9
Let g(n) = -6*n + 4. Let z be g(6). Let d = z + 45. Calculate the remainder when 37 is divided by d.
11
Let m(j) = -j + 6. Let i be m(5). Let f(l) = 5*l + 1. What is the remainder when (-1)/(-4) + (-43)/(-4) is divided by f(i)?
5
Suppose -253 = -0*c - 5*c - 2*t, -5*c + 2*t + 257 = 0. Calculate the remainder when c is divided by 26.
25
Suppose 8 = -5*m + 78. Calculate the remainder when 38 is divided by m.
10
Suppose -5*p - 14 = -64. Let f be 1/(3*(-3)/(-36)). Suppose -f*h = -h - 117. Calculate the remainder when h is divided by p.
9
Suppose 5*t - 38 + 13 = 5*p, -3*t - 13 = 4*p. What is the remainder when 2 is divided by t?
0
Suppose -3*n + 299 - 41 = 0. What is the remainder when n is divided by 22?
20
Let y(x) = -x - 1. Let g be y(-7). What is the remainder when (-1)/(-2) + 9/g is divided by 1?
0
Suppose -k + 6*k - 16 = -2*m, 10 = -5*m. Calculate the remainder when 5 is divided by k.
1
What is the remainder when 53 is divided by (58/10 - 3)*5?
11
Let w(b) = -7*b + 73. Calculate the remainder when 13 is divided by w(10).
1
Suppose -15*s = -11*s - 168. What is the remainder when s is divided by 16?
10
Let v be (-2 - (0 - 1))/1. Let n = 26 - v. Calculate the remainder when n is divided by 10.
7
Suppose 0 = 4*y - 6*y + 42. What is the remainder when 61 is divided by y?
19
Suppose -20 = -4*z + 28. Calculate the remainder when 30 is divided by ((-32)/6)/((-4)/z).
14
Suppose 0 = 2*b + 3*a - 61, b - 3*a + 7*a = 23. Calculate the remainder when b is divided by 18.
17
Let u = 218 - 95. Calculate the remainder when u is divided by 31.
30
Let n(u) = -2*u**2 + 22*u - 18. What is the remainder when 7 is divided by n(10)?
1
Let v be 0*(-3)/6*-2. Suppose v = -2*z - 40 + 16. Calculate the remainder when 35 is divided by (-54)/z*(-16)/(-6).
11
Suppose 2*c + c = 5*z - 490, 5*c + 500 = 5*z. What is the remainder when z is divided by 14?
11
Let z(g) = -12*g + 6. Let i be z(-9). Suppose -3*h + 28 = -2*h + 2*p, 3*h - 4*p = i. Calculate the remainder when h is divided by 12.
10
Suppose 4*i - 22 = 2*i. Calculate the remainder when (18 + -17)/((-1)/(-31)) is divided by i.
9
Calculate the remainder when 67 is divided by ((-222)/15)/((-6)/15).
30
Suppose 0 = 2*m + 11 + 1. Let a = m - -7. What is the remainder when 38 is divided by ((-13)/(-5))/(a/5)?
12
Suppose -3*t = -t - 4*m - 24, 2*t 